7?
9
What is the ten thousands digit of 12229157?
2
What is the millions digit of 2277737?
2
What is the tens digit of 6844300?
0
What is the hundreds digit of 10453027?
0
What is the thousands digit of 14138732?
8
What is the ten thousands digit of 8971875?
7
What is the thousands digit of 332136?
2
What is the millions digit of 1371955?
1
What is the tens digit of 504791?
9
What is the tens digit of 1083431?
3
What is the ten thousands digit of 25941?
2
What is the hundreds digit of 212969?
9
What is the units digit of 11224494?
4
What is the tens digit of 2529382?
8
What is the thousands digit of 4930854?
0
What is the ten thousands digit of 34096?
3
What is the units digit of 152903?
3
What is the units digit of 964914?
4
What is the hundred thousands digit of 228104?
2
What is the units digit of 4475072?
2
What is the hundred thousands digit of 2375338?
3
What is the ten thousands digit of 885365?
8
What is the millions digit of 1590377?
1
What is the tens digit of 404385?
8
What is the thousands digit of 1913057?
3
What is the millions digit of 32298282?
2
What is the millions digit of 3068779?
3
What is the tens digit of 59672?
7
What is the units digit of 395213?
3
What is the hundreds digit of 656790?
7
What is the thousands digit of 3116999?
6
What is the thousands digit of 1860855?
0
What is the units digit of 5278415?
5
What is the ten thousands digit of 2841246?
4
What is the ten thousands digit of 128876?
2
What is the hundreds digit of 2180001?
0
What is the thousands digit of 526213?
6
What is the tens digit of 8452?
5
What is the ten thousands digit of 352670?
5
What is the units digit of 619806?
6
What is the thousands digit of 634741?
4
What is the ten thousands digit of 11444338?
4
What is the thousands digit of 2133118?
3
What is the tens digit of 18466569?
6
What is the thousands digit of 7710?
7
What is the thousands digit of 3695504?
5
What is the thousands digit of 18557800?
7
What is the hundreds digit of 1857499?
4
What is the ten thousands digit of 8961461?
6
What is the units digit of 131899?
9
What is the thousands digit of 21644?
1
What is the millions digit of 32608316?
2
What is the units digit of 2178412?
2
What is the hundred thousands digit of 490435?
4
What is the units digit of 2195756?
6
What is the hundred thousands digit of 8204236?
2
What is the tens digit of 176286?
8
What is the tens digit of 202604?
0
What is the hundred thousands digit of 303100?
3
What is the hundreds digit of 1320499?
4
What is the thousands digit of 111598?
1
What is the hundreds digit of 5241496?
4
What is the hundreds digit of 239708?
7
What is the units digit of 1484876?
6
What is the units digit of 2194641?
1
What is the ten thousands digit of 2442307?
4
What is the tens digit of 13180354?
5
What is the ten millions digit of 14091001?
1
What is the ten thousands digit of 1264875?
6
What is the tens digit of 2681548?
4
What is the ten thousands digit of 2758255?
5
What is the units digit of 392969?
9
What is the hundreds digit of 730348?
3
What is the tens digit of 4247843?
4
What is the hundred thousands digit of 333714?
3
What is the units digit of 151628?
8
What is the hundred thousands digit of 5335875?
3
What is the thousands digit of 3783584?
3
What is the thousands digit of 1205546?
5
What is the hundreds digit of 1746069?
0
What is the ten thousands digit of 12984000?
8
What is the units digit of 1383908?
8
What is the ten thousands digit of 1645404?
4
What is the thousands digit of 633648?
3
What is the hundreds digit of 252035?
0
What is the ten thousands digit of 618253?
1
What is the millions digit of 1287069?
1
What is the ten thousands digit of 10849124?
4
What is the thousands digit of 683239?
3
What is the ten thousands digit of 202482?
0
What is the tens digit of 7992510?
1
What is the millions digit of 2153077?
2
What is the thousands digit of 97047?
7
What is the tens digit of 15865181?
8
What is the hundreds digit of 606721?
7
What is the thousands digit of 2001938?
1
What is the hundreds digit of 333579?
5
What is the hundreds digit of 1605794?
7
What is the units digit of 717350?
0
What is the millions digit of 2749724?
2
What is the tens digit of 9271986?
8
What is the ten millions digit of 29267292?
2
What is the hundred thousands digit of 470001?
4
What is the ten thousands digit of 15143784?
4
What is the thousands digit of 911155?
1
What is the millions digit of 15357258?
5
What is the hundreds digit of 9295?
2
What is the ten thousands digit of 852095?
5
What is the millions digit of 4843748?
4
What is the units digit of 132951?
1
What is the hundreds digit of 6203999?
9
What is the ten thousands digit of 547581?
4
What is the tens digit of 7347640?
4
What is the millions digit of 6492398?
6
What is the units digit of 1960593?
3
What is the units digit of 2981366?
6
What is the millions digit of 26108180?
6
What is the units digit of 288740?
0
What is the units digit of 157802?
2
What is the thousands digit of 547770?
7
What is the hundreds digit of 5393788?
7
What is the hundred thousands digit of 9273547?
2
What is the units digit of 198752?
2
What is the hundreds digit of 12814058?
0
What is the ten thousands digit of 11698310?
9
What is the hundreds digit of 4115700?
7
What is the tens digit of 24410?
1
What is the thousands digit of 13810269?
0
What is the tens digit of 200992?
9
What is the thousands digit of 5312457?
2
What is the millions digit of 1796155?
1
What is the hundred thousands digit of 313257?
3
What is the tens digit of 73701?
0
What is the thousands digit of 749900?
9
What is the hundred thousands digit of 3579807?
5
What is the units digit of 1246892?
2
What is the millions digit of 2412535?
2
What is the ten thousands digit of 39259?
3
What is the tens digit of 2503163?
6
What is the hundred thousands digit of 5408195?
4
What is the units digit of 498961?
1
What is the hundreds digit of 57443?
4
What is the units digit of 1428373?
3
What is the ten thousands digit of 433332?
3
What is the hundreds digit of 1431209?
2
What is the tens digit of 374110?
1
What is the ten thousands digit of 718340?
1
What is the hundreds digit of 238473?
4
What is the units digit of 9244882?
2
What is the units digit of 273309?
9
What is the ten thousands digit of 48615?
4
What is the tens digit of 127761?
6
What is the thousands digit of 20232625?
2
What is the units digit of 749763?
3
What is the hundreds digit of 9548175?
1
What is the thousands digit of 842900?
2
What is the units digit of 5383829?
9
What is the hundred thousands digit of 934740?
9
What is the tens digit of 951196?
9
What is the hundreds digit of 1876970?
9
What is the hundreds digit of 220116?
1
What is the ten millions digit of 34086658?
3
What is the thousands digit of 88559?
8
What is the tens digit of 347211?
1
What is the units digit of 4086667?
7
What is the hundreds digit of 494632?
6
What is the hundreds digit of 15213040?
0
What is the millions digit of 1604853?
1
What is the hundred thousands digit of 521724?
5
What is the tens digit of 1261422?
2
What is the ten thousands digit of 26515176?
1
What is the tens digit of 371543?
4
What is the thousands digit of 152414?
2
What is the ten thousands digit of 574365?
7
What is the tens digit of 4814940?
4
What is the hundreds digit of 731607?
6
What is the hundred thousands digit of 10543846?
5
What is the units digit of 11358085?
5
What is the millions digit of 3520743?
3
What is the millions digit of 2896379?
2
What is the ten thousands digit of 1703149?
0
What is the hundreds digit of 2409?
4
What is the hundred thousands digit of 993491?
9
What is the hundred thousands digit of 973984?
9
What is the ten thousands digit of 78427?
7
What is the tens digit of 419510?
1
What is the ten thousands digit of 854032?
5
What is the tens digit of 6962146?
4
What is the tens digit of 4154358?
5
What is the ten thousands digit of 468898?
6
What is the thousands digit of 450314?
0
What is the units digit of 1533234?
4
What is the hundreds digit of 199609?
6
What is the millions digit of 8188970?
8
What is the ten thousands digit of 580701?
8
What is the thousands digit of 28728723?
8
What is the hundreds digit of 2014964?
9
What is the tens digit of 364419?
1
What is the thou